y 116?
66
What is the remainder when 65042432 is divided by 271?
264
Calculate the remainder when 68909 is divided by 2505.
1274
What is the remainder when 20389151 is divided by 15?
11
What is the remainder when 64996 is divided by 2415?
2206
Calculate the remainder when 2258995 is divided by 40339.
11
Calculate the remainder when 31739 is divided by 1739.
437
Calculate the remainder when 176134 is divided by 58476.
706
What is the remainder when 424744 is divided by 87?
10
Calculate the remainder when 768657 is divided by 888.
537
Calculate the remainder when 153538054 is divided by 2824.
2822
What is the remainder when 11686714 is divided by 438?
436
Calculate the remainder when 5710690 is divided by 100187.
31
Calculate the remainder when 23344263 is divided by 308.
19
Calculate the remainder when 242170 is divided by 121082.
6
What is the remainder when 821435 is divided by 43233?
8
Calculate the remainder when 7845929 is divided by 71981.
0
Calculate the remainder when 26505 is divided by 2523.
1275
What is the remainder when 6686091 is divided by 557172?
27
Calculate the remainder when 7148280 is divided by 70775.
5
Calculate the remainder when 2863103 is divided by 344.
335
Calculate the remainder when 30776126 is divided by 24.
14
What is the remainder when 608706 is divided by 395?
11
Calculate the remainder when 381883 is divided by 5875.
8
Calculate the remainder when 74999 is divided by 12497.
17
What is the remainder when 59325 is divided by 449?
57
What is the remainder when 748610 is divided by 1064?
618
Calculate the remainder when 560903 is divided by 87.
14
Calculate the remainder when 5833314 is divided by 5833306.
8
Calculate the remainder when 97411197 is divided by 1168.
1165
What is the remainder when 128591245 is divided by 1211?
1210
Calculate the remainder when 5939913 is divided by 8684.
57
What is the remainder when 1643237 is divided by 53?
25
What is the remainder when 91886759 is divided by 1260?
1259
What is the remainder when 3537516 is divided by 130987?
867
What is the remainder when 27316 is divided by 2704?
276
Calculate the remainder when 2309866 is divided by 2285.
2016
Calculate the remainder when 259849 is divided by 2240.
9
Calculate the remainder when 9076368 is divided by 6112.
48
What is the remainder when 152440 is divided by 25364?
256
What is the remainder when 423493 is divided by 7813?
1591
What is the remainder when 91924096 is divided by 78?
4
What is the remainder when 51885 is divided by 41?
20
What is the remainder when 4830 is divided by 2644?
2186
What is the remainder when 3268762 is divided by 4717?
4598
What is the remainder when 1626128 is divided by 187?
163
Calculate the remainder when 977837 is divided by 1089.
1004
What is the remainder when 3485079 is divided by 8648?
8583
Calculate the remainder when 58227232 is divided by 9690.
22
Calculate the remainder when 33478135 is divided by 39950.
35
Calculate the remainder when 72765058 is divided by 589.
587
What is the remainder when 26384214 is divided by 15?
9
What is the remainder when 37572610 is divided by 29?
7
What is the remainder when 1146130 is divided by 573056?
18
Calculate the remainder when 225261 is divided by 225253.
8
Calculate the remainder when 170315 is divided by 24277.
376
Calculate the remainder when 15611007 is divided by 379.
376
What is the remainder when 409274696 is divided by 594876?
8
Calculate the remainder when 434077 is divided by 390.
7
Calculate the remainder when 24461 is divided by 13654.
10807
What is the remainder when 6774110 is divided by 5463?
5453
What is the remainder when 1863668 is divided by 1779?
1055
What is the remainder when 36760062 is divided by 993515?
7
Calculate the remainder when 2844776 is divided by 1054.
30
Calculate the remainder when 1494026 is divided by 298586.
1096
What is the remainder when 1567229 is divided by 23?
9
Calculate the remainder when 219064 is divided by 53.
15
Calculate the remainder when 6514477 is divided by 10.
7
What is the remainder when 290296 is divided by 99?
28
What is the remainder when 15777662 is divided by 1183?
1174
Calculate the remainder when 4559765 is divided by 9030.
8645
Calculate the remainder when 13118073 is divided by 243.
204
Calculate the remainder when 532701 is divided by 26635.
1
Calculate the remainder when 816537076 is divided by 463.
462
What is the remainder when 241232 is divided by 1924?
732
What is the remainder when 70818 is divided by 34757?
1304
What is the remainder when 1589896 is divided by 5?
1
Calculate the remainder when 173177 is divided by 43212.
329
What is the remainder when 1099036 is divided by 93?
55
What is the remainder when 275783 is divided by 6901?
6644
Calculate the remainder when 308694122 is divided by 30.
2
Calculate the remainder when 156435361 is divided by 7.
5
What is the remainder when 9197634 is divided by 3682?
3680
Calculate the remainder when 601784 is divided by 54654.
590
What is the remainder when 14115 is divided by 13938?
177
What is the remainder when 3115837 is divided by 72454?
315
Calculate the remainder when 12301895 is divided by 1671.
1664
Calculate the remainder when 600616 is divided by 59.
55
What is the remainder when 80988 is divided by 724?
624
What is the remainder when 1406111 is divided by 1406058?
53
What is the remainder when 499547 is divided by 329?
125
Calculate the remainder when 113836106 is divided by 36.
2
What is the remainder when 6841843 is divided by 1331?
503
What is the remainder when 387131 is divided by 128084?
2879
What is the remainder when 1227949 is divided by 169?
164
Calculate the remainder when 754755 is divided by 1149.
1011
Calculate the remainder when 1560254 is divided by 206.
10
What is the remainder when 414447 is divided by 310?
287
Calculate the remainder when 649773 is divided by 20289.
525
What is the remainder when 85931 is divided by 14304?
107
What is the remainder when 393486979 is divided by 66?
61
What is the remainder when 52356104 is divided by 19?
8
What is the remainder when 532325 is divided by 4589?
1
Calculate the remainder when 55653761 is divided by 2338.
9
Calculate the remainder when 171280 is divided by 42820.
0
What is the remainder when 11904778 is divided by 858?
28
What is the remainder when 3034120 is divided by 28?
12
What is the remainder when 105706 is divided by 104729?
977
Calculate the remainder when 252845 is divided by 84170.
335
What is the remainder when 791312 is divided by 52484?
4052
What is the remainder when 1895644 is divided by 1895532?
112
Calculate the remainder when 6223093 is divided by 5904.
277
Calculate the remainder when 3708908 is divided by 247259.
23
Calculate the remainder when 3662158 is divided by 218.
194
What is the remainder when 17186061 is divided by 294?
291
Calculate the remainder when 1249222303 is divided by 16.
15
What is the remainder when 131466 is divided by 3152?
2234
Calculate the remainder when 341006613 is divided by 18.
15
Calculate the remainder when 358698315 is divided by 3457.
3452
What is the remainder when 178470 is divided by 177894?
576
What is the remainder when 1066516 is divided by 1946?
108
What is the remainder when 35941736 is divided by 11980560?
56
Calculate the remainder when 51915414 is divided by 412027.
12
Calculate the remainder when 55050253 is divided by 6881280.
13
What is the remainder when 1247779 is divided by 4?
3
What is the remainder when 37985 is divided by 8493?
4013
Calculate the remainder when 1642575 is divided by 777.
774
What is the remainder when 91952 is divided by 793?
757
Calculate the remainder when 48506961 is divided by 29.
24
Calculate the remainder when 31846166 is divided by 6264.
6254
What is the remainder when 87232 is divided by 7250?
232
What is the remainder when 1809049 is divided by 3748?
2513
What is the remainder when 23609 is divided by 23581?
28
What is the remainder when 2773223 is divided by 308135?
8
What is the remainder when 11053587 is divided by 22?
17
Calculate the remainder when 4407722 is divided by 12813.
50
What is the remainder when 1445653 is divided by 129?
79
Calculate the remainder when 16545814 is divided by 161.
5
Calculate the remainder when 75100 is divided by 4341.
1303
Calcul